{"id":8,"date":"2019-02-14T11:57:13","date_gmt":"2019-02-14T10:57:13","guid":{"rendered":"http:\/\/annieschetrite.fr\/?page_id=8"},"modified":"2019-03-11T16:24:47","modified_gmt":"2019-03-11T15:24:47","slug":"a-propos-de","status":"publish","type":"page","link":"https:\/\/annieschetrite.fr\/index.php\/a-propos-de\/","title":{"rendered":"Ma d\u00e9marche"},"content":{"rendered":"<p>J\u2019ai travaill\u00e9 pendant de nombreuses ann\u00e9es dans un univers artistique abstrait parfois onirique dans lequel la mati\u00e8re, la transparence, s\u2019 allient \u00e0&nbsp; des traits fermes appuy\u00e9s tout en c\u00f4toyant un vide habit\u00e9.<\/p>\n<p>Depuis 2005 , je travaille r\u00e9guli\u00e8rement avec des mod\u00e8les danseurs. Les croquis pris sur le vif vont d\u00e9sormais nourrir mon travail . Le mouvement entre alors dans mes tableaux o\u00f9&nbsp; la gestuelle du pinceau va rejoindre celle du corps.<\/p>\n<p>Ainsi le graphisme va s\u2019inscrire dans ma d\u00e9marche picturale&nbsp; et s\u2019int\u00e9grer dans la mati\u00e8re du tableau souvent enrichie de collages , transferts, inscriptions de toutes sortes.<\/p>\n<p>Mati\u00e8re,&nbsp; graphisme et imaginaire vont ainsi entrer en ronde dans une compl\u00e9mentarit\u00e9 abstraction-figuration.<\/p>\n","protected":false},"excerpt":{"rendered":"<p>J\u2019ai travaill\u00e9 pendant de nombreuses ann\u00e9es dans un univers artistique abstrait parfois onirique dans lequel la mati\u00e8re, la transparence, s\u2019 allient \u00e0&nbsp; des traits fermes appuy\u00e9s tout en c\u00f4toyant un vide habit\u00e9. Depuis 2005 , je travaille r\u00e9guli\u00e8rement avec des mod\u00e8les danseurs. Les croquis pris sur le vif vont d\u00e9sormais nourrir mon travail . Le [&hellip;]<\/p>\n","protected":false},"author":1,"featured_media":0,"parent":0,"menu_order":0,"comment_status":"closed","ping_status":"closed","template":"","meta":[],"_links":{"self":[{"href":"https:\/\/annieschetrite.fr\/index.php\/wp-json\/wp\/v2\/pages\/8"}],"collection":[{"href":"https:\/\/annieschetrite.fr\/index.php\/wp-json\/wp\/v2\/pages"}],"about":[{"href":"https:\/\/annieschetrite.fr\/index.php\/wp-json\/wp\/v2\/types\/page"}],"author":[{"embeddable":true,"href":"https:\/\/annieschetrite.fr\/index.php\/wp-json\/wp\/v2\/users\/1"}],"replies":[{"embeddable":true,"href":"https:\/\/annieschetrite.fr\/index.php\/wp-json\/wp\/v2\/comments?post=8"}],"version-history":[{"count":6,"href":"https:\/\/annieschetrite.fr\/index.php\/wp-json\/wp\/v2\/pages\/8\/revisions"}],"predecessor-version":[{"id":248,"href":"https:\/\/annieschetrite.fr\/index.php\/wp-json\/wp\/v2\/pages\/8\/revisions\/248"}],"wp:attachment":[{"href":"https:\/\/annieschetrite.fr\/index.php\/wp-json\/wp\/v2\/media?parent=8"}],"curies":[{"name":"wp","href":"https:\/\/api.w.org\/{rel}","templated":true}]}}